tors of (-10 + l)/((-2)/(-142)).
71
Suppose 55918 = 4*f + 42*a - 43*a, -4*f - 4*a = -55948. What are the prime factors of f?
11, 31, 41
Suppose -4*c = -r - 4581, 3*r = 3*c - 2*r - 3423. Let x = c + -778. What are the prime factors of x?
2, 23
Suppose -4*c = q + 17, -12 = 6*q - 2*q + 2*c. List the prime factors of 1*-419*q - (-66 + 69).
2, 13
Suppose -22*q = -21*q - 20. What are the prime factors of (1464/q)/((-18)/(-135))?
3, 61
Suppose -3*a - 3036 = -5*a. Let j = -990 + a. What are the prime factors of j?
2, 3, 11
Let m = -846 - 813. Let j be (-38)/209 - m/(-11). Let w = j + 263. List the prime factors of w.
2, 7
Suppose 5*f - u - 1 = 7, 2*u = 4. Suppose -4*v - 799 = -5*y + f*y, -1317 = -5*y + 3*v. List the prime factors of y.
3, 29
Let m(i) be the third derivative of -i**4/6 - 7*i**3/3 - 86*i**2 - 3*i. Let q be (6/(-8))/(6/96). What are the prime factors of m(q)?
2, 17
Suppose 375*i + 25675 = 380*i. List the prime factors of i.
5, 13, 79
Let n(t) = t**2 + 4*t - 15. Let p(q) = 6*q + 6. Let y be p(-2). Let o be n(y). List the prime factors of -4*((-105)/(-10))/o.
2, 7
Let u(r) = 14*r + 29 + 36*r + 2*r**2 + 9 + r**2. Let j be u(-20). Suppose 4*f = 4*l + 1068, 2*l = -5*f + 1545 - j. What are the prime factors of f?
263
Let c = -64 + 63. Let t be 2 - (-4 + (c - 1)). Suppose 0 = t*n - 273 - 303. What are the prime factors of n?
2, 3
Let w be (-22)/187 + 3/(153/618). What are the prime factors of 4/(-24) - (-1490)/w?
2, 31
Suppose -2*w + 9*w = 28. Suppose 0 = 4*j - 9*j + 10, 5*h - w*j - 1822 = 0. What are the prime factors of h?
2, 3, 61
Suppose 2*j = -3*i + 51090, 68*j = 70*j - 3*i - 51126. What are the prime factors of j?
2, 3, 4259
Let g be -2*(-12)/8 - 7. Let p be 0*(0 + g/(-8)) - -3. Suppose -b + p*x + x = -64, 0 = -4*b - 5*x + 193. List the prime factors of b.
2, 13
Suppose 3*n - 5*u - 14 = 6, 0 = 5*n + 4*u + 16. Suppose n = 32*w - 19*w - 14976. What are the prime factors of w?
2, 3
Let t(c) be the second derivative of c**5/20 - c**4/4 - c**3 - 9*c**2/2 + c. Let r be t(6). List the prime factors of 42/r + 112/3.
2, 19
Let i be (-4 - -2) + (-699)/(-3). Suppose 5*w + 170 = 2*z + 2*z, -5*z + i = 3*w. What are the prime factors of z?
3, 5
Let d = 2502 + -1482. Suppose -5*g = -g - d. Suppose 11*f - 14*f = -g. List the prime factors of f.
5, 17
Let f = 988 + -524. Let q = f + -199. Suppose 10*j + q = 15*j. What are the prime factors of j?
53
Let i(q) = 13*q**3 + 3*q**2 - 5*q - 2. Let f be i(-3). Let z = -2041 + 1828. Let n = z - f. What are the prime factors of n?
2, 7
Let n = -60 - -72. Suppose -5*y + n*y = 3192. Suppose 6*h + 2*a = 2*h + y, -3*h = 3*a - 345. List the prime factors of h.
113
Suppose 11*q + 3*f - 23706 = 9*q, -4*f = q - 11838. List the prime factors of q.
2, 3, 659
Let f = -30 - -16. Let a be 69/6*1*f. List the prime factors of 3/(-9)*(2 + a).
53
What are the prime factors of 24881 + 30 + -27 - -12?
2, 389
Let l(u) = -6*u**3 - 6*u**2 - 9*u + 15. Let s be l(-6). Suppose 3*n + 4*a = s, n + a - 1932 = -4*n. List the prime factors of n.
3, 43
Suppose 4*s - 3*l + 11 = -12, -4*s - 13 = -l. What are the prime factors of (-1)/s - 78433/(-82)?
3, 11, 29
What are the prime factors of 27/(-18) + 1 - 24639/(-6)?
2, 2053
Let j = 103 + 37. Suppose j - 12 = -8*b. List the prime factors of (-3)/(-2*12/b) - -114.
2, 7
Suppose -4*z = 2*o + 166, 73 = -o - 2*z - 2*z. Let x = o + 116. Suppose -82 = -5*r + x. List the prime factors of r.
3, 7
Let f(v) = v**2 + 288*v + 30959. List the prime factors of f(0).
83, 373
Let b(p) = -36*p**2 + 10*p + 26. Let g be b(-3). Let l = 632 + g. What are the prime factors of l?
2, 19
Let m(w) = -261*w + 6. Suppose 4*k = 5*z - 68 + 77, 2*z = -4*k + 2. What are the prime factors of m(z)?
3, 89
Let c(o) be the second derivative of -o**4/12 + 4*o**3/3 - 5*o**2/2 - 10*o. Let s be c(7). Suppose 0 = -s*m - 3*m + 510. List the prime factors of m.
2, 3, 17
Let q be (1 + 79)/(11/(-22)). Let p = q + 433. List the prime factors of p.
3, 7, 13
List the prime factors of 5747430/465 - 12/186.
2, 3, 5, 103
Suppose -5*j + 3*u + 33 = 0, -4*j + 8 + 13 = 3*u. Let r be ((-2)/j)/((-5)/(-15)). List the prime factors of (-6)/(-3) - (r - -1 - 2).
2
Suppose 9*t - 1758 = 1167. Let w(a) = -a**2 - 8*a + 6. Let i be w(-8). Suppose i*c - 11*c + t = 0. What are the prime factors of c?
5, 13
Let v = 514 - 865. Let o = v - -462. What are the prime factors of o?
3, 37
Suppose 0 = -2*i + 4, 0 = -2*g - i + 20 + 18. Suppose g*u - 15130 = 8*u. List the prime factors of u.
17, 89
Let m = -12 + 18. Suppose 12*h + 10*h + 1606 = 0. List the prime factors of -3*1 + (m/3 - h).
2, 3
Let v be (0 + (-4)/(-8))*-10. Let x(j) = -35*j - 42. Let b be x(v). Suppose k = -0*k + b. List the prime factors of k.
7, 19
List the prime factors of 37 + 4104 - (2 + 1)*1.
2, 2069
Let d be (-1)/(12 - 16 - 1810/(-452)). Let i = d - -342. What are the prime factors of i?
2, 29
Let i be (7/(-2) + 1)*-2. Suppose -l = h - 19, -89 + 34 = -3*h - i*l. Let m = h - -45. List the prime factors of m.
5, 13
Let v be (-6)/(-4)*(-1 + -1). Let g(n) = 7163*n - 4 - 7167*n + 5. List the prime factors of g(v).
13
Let z(i) = -3*i**2 + 2*i - 7. Let t be z(0). What are the prime factors of (-3009)/t + ((-108)/28 - -4)?
2, 5, 43
What are the prime factors of (-8450)/(-4) + 12/24?
2113
Suppose -4*x - 4*m + 4252 = 0, -5355 = -5*x + 5*m - 0*m. List the prime factors of x.
11, 97
Let j be (-448)/6*(-30)/8. Let y = 662 - j. What are the prime factors of y?
2, 191
Let b be -3 - 1 - (-100)/20. List the prime factors of (-4 - 1)*b + 237 + 2.
2, 3, 13
Suppose g + 0*g - 42031 = -2*p, -5*g = 2*p - 42011. What are the prime factors of p?
2, 3, 31, 113
Let r = 72031 - 29230. List the prime factors of r.
3, 11, 1297
What are the prime factors of (-6 + 2 - 6374)*2/(-4)?
3, 1063
Suppose 0 = 29*h - 420654 - 440269. What are the prime factors of h?
7, 4241
Let q be 3*20/12 - 65*-29. Suppose -5*b - q = -11*r + 6*r, -384 = -r - 2*b. List the prime factors of r.
2, 5, 19
Let v = -454 - -457. Suppose 115 = 4*c - 3*u, -86 = -v*c - 0*c + 2*u. What are the prime factors of c?
2, 7
What are the prime factors of (90/12 + -9)*(-366 - 0)?
3, 61
Let i = 12817 - -34446. What are the prime factors of i?
151, 313
Let l be (-10)/2 + (16 - -6 - 4). Suppose 16 = -4*b, 17*z - 3*b = l*z + 6076. List the prime factors of z.
2, 379
List the prime factors of (380/(-285))/(-1*3/198).
2, 11
Let m = 13148 + -7459. What are the prime factors of m?
5689
Suppose u = -3*u - 12. Let f(q) = 2 + 4 + 4 - q**2 - 5*q**3 - q. List the prime factors of f(u).
139
What are the prime factors of 4 + ((-8)/4)/(14/(-2667))?
5, 7, 11
Let m(r) = 4*r + 143. Let i be m(-36). What are the prime factors of (3 - -3) + 9*i - -1048?
5, 11, 19
Let w(y) = -y**3 + 15*y**2 + 6*y - 15. Suppose -3*d = 9*d - 192. Let r be w(d). Let i = r - -255. What are the prime factors of i?
2, 5
Suppose 4*u - 3387 = -p + 1787, 0 = p + u - 5180. What are the prime factors of p?
2, 2591
Suppose -5*w = -4*p - 0*w - 19, 2*w - 9 = 3*p. Let k be (-105)/(-21) + 1*(3 + p). Suppose 0 = k*g - 9*g + 308. List the prime factors of g.
2, 7, 11
Let s(h) = -3*h**3 - 3*h**2 + 5*h + 44. Let a be s(-6). Let w = a - 284. What are the prime factors of w?
2, 3, 5
Let l(m) = -4*m**3 + 7*m**2 + 33*m + 28. What are the prime factors of l(-12)?
2, 59
Suppose -148 = -v + 260. Suppose -q = -5*c + c - 372, q + 5*c - v = 0. Let m = -233 + q. List the prime factors of m.
5, 31
Let v = 158 - 186. Let i = v + 57. What are the prime factors of i?
29
Suppose 13*m = 3*z + 18*m - 25, -5*m = 5*z - 25. Suppose 4*v + 12 = z, 4*d - 5*v = -6*v + 2877. List the prime factors of d.
2, 3, 5
Suppose 0 = -4*m - 1089 + 201. Let a = m + 314. Let j = a - 51. What are the prime factors of j?
41
Let v(r) = -5*r**3 + 11*r - 1. Let g(o) = -4*o**3 + o**2 + 10*o. Let f(d) = -4*g(d) + 3*v(d). Let n = 22 - 16. List the prime factors of f(n).
3
Suppose -264*q + 102618 = -255*q. List the prime factors of q.
2, 5701
Let i = -126 + 133. Suppose n - i*n = -954. What are the prime factors of n?
3, 53
What are the prime factors of (-2)/(-4) - 118672/(-32)?
3709
Let t(z) = 3*z**2 - 69*z + 62. Let v be t(21). Let d = 239 - v. List the prime factors of d.
3, 101
Let a(u) = -152*u - 109. Suppose -m = -4*v - 9, m - 2*v + 5*v + 12 = 0. List the prime factors of